 prime number?
True
Is 12049 a prime number?
True
Is 16307 a prime number?
False
Is 8791 a composite number?
True
Is 72107 composite?
True
Is 37865 composite?
True
Is 2513 composite?
True
Is 1108379 prime?
False
Is 12449 a prime number?
False
Is 35963 a prime number?
True
Is 72421 a prime number?
True
Is 1129295 a prime number?
False
Is 1320331 prime?
True
Is 2605 a composite number?
True
Is 1783 a composite number?
False
Is 3907 a composite number?
False
Is 18803 a prime number?
True
Is 140471 prime?
False
Is 3511 a composite number?
False
Is 2843 a composite number?
False
Is 8741 prime?
True
Is 1862727 composite?
True
Is 7853 composite?
False
Is 217 a prime number?
False
Is 46747 prime?
True
Is 41719 a composite number?
False
Is 10061 prime?
True
Is 124282 a prime number?
False
Is 117509 a prime number?
False
Is 9781 a prime number?
True
Is 2981215 composite?
True
Is 11113 a prime number?
True
Is 1693 prime?
True
Is 8461 prime?
True
Is 322169 a composite number?
False
Is 6317 composite?
False
Is 81887 prime?
False
Is 6799 composite?
True
Is 551 prime?
False
Is 1459 a prime number?
True
Is 72847 composite?
True
Is 52613 composite?
True
Is 7169 a prime number?
False
Is 63901 a prime number?
True
Is 295133 a composite number?
True
Is 91634 prime?
False
Is 111955 a prime number?
False
Is 53 prime?
True
Is 541 a composite number?
False
Is 647269 composite?
True
Is 21713 a prime number?
True
Is 175309 prime?
True
Is 59567 a prime number?
True
Is 29099 a prime number?
False
Is 88897 a composite number?
False
Is 5627 a composite number?
True
Is 1280231 a prime number?
True
Is 384955 composite?
True
Is 5223 a composite number?
True
Is 1102235 composite?
True
Is 106591 composite?
False
Is 25667 prime?
True
Is 17827 composite?
False
Is 391793 a composite number?
True
Is 23854 a prime number?
False
Is 3332897 a prime number?
True
Is 2217 prime?
False
Is 48073 a composite number?
False
Is 941 a composite number?
False
Is 2579 composite?
False
Is 3859 a composite number?
True
Is 5113 composite?
False
Is 10243 a prime number?
True
Is 2481 a composite number?
True
Is 6779 prime?
True
Is 751 prime?
True
Is 39433 a composite number?
True
Is 28051 a composite number?
False
Is 81085 a composite number?
True
Is 7993 a prime number?
True
Is 1069 a composite number?
False
Is 20849 composite?
False
Is 72953 composite?
False
Is 35059 a composite number?
False
Is 23717 composite?
True
Is 15217 composite?
False
Is 36463 prime?
False
Is 77 prime?
False
Is 3109 a prime number?
True
Is 637337 prime?
True
Is 13553 prime?
True
Is 6373 prime?
True
Is 457973 composite?
True
Is 26679 a composite number?
True
Is 1151 a composite number?
False
Is 86587 prime?
True
Is 18353 composite?
False
Is 33961 a composite number?
False
Is 52823 a composite number?
True
Is 26545 a composite number?
True
Is 15091 a composite number?
False
Is 6637 a prime number?
True
Is 113959 a prime number?
False
Is 2179 composite?
False
Is 29179 composite?
False
Is 1152181 composite?
False
Is 750619 composite?
True
Is 87853 a composite number?
False
Is 5597 a prime number?
False
Is 63277 composite?
False
Is 62117 composite?
True
Is 1903 prime?
False
Is 129781 a prime number?
False
Is 923773 a prime number?
True
Is 6131 a prime number?
True
Is 78977 composite?
False
Is 52079 composite?
True
Is 1076131 a composite number?
True
Is 37651 composite?
True
Is 15461 a prime number?
True
Is 11201 composite?
True
Is 70303 a prime number?
False
Is 881099 composite?
False
Is 12677 a composite number?
True
Is 2257 composite?
True
Is 7609 a prime number?
False
Is 32347 a prime number?
False
Is 6067 a prime number?
True
Is 10801 prime?
False
Is 55222 a prime number?
False
Is 396701 composite?
True
Is 9977 prime?
False
Is 637873 prime?
True
Is 574597 composite?
False
Is 251287 a composite number?
False
Is 88273 composite?
True
Is 23159 a composite number?
False
Is 1949 prime?
True
Is 882653 composite?
False
Is 279499 composite?
True
Is 12659 prime?
True
Is 61195 composite?
True
Is 18181 prime?
True
Is 53017 composite?
False
Is 1399 composite?
False
Is 609571 prime?
True
Is 3491 a composite number?
False
Is 1467061 a composite number?
False
Is 3979 a composite number?
True
Is 349955 a composite number?
True
Is 9091 composite?
False
Is 18059 prime?
True
Is 194 a prime number?
False
Is 86789 prime?
False
Is 985277 composite?
False
Is 6803 a composite number?
False
Is 33403 composite?
False
Is 6333 prime?
False
Is 1465931 a prime number?
True
Is 1481 composite?
False
Is 48629 a composite number?
True
Is 1901 a composite number?
False
Is 2237 composite?
False
Is 28343 a composite number?
True
Is 5779 a prime number?
True
Is 18973 a composite number?
False
Is 110326 a composite number?
True
Is 22835 a composite number?
True
Is 141254 a prime number?
False
Is 83479 prime?
False
Is 111571 composite?
True
Is 94661 prime?
False
Is 889657 prime?
True
Is 95987 a composite number?
False
Is 4327 composite?
False
Is 1019519 composite?
True
Is 317 prime?
True
Is 1361677 composite?
False
Is 1788869 prime?
False
Is 7799 composite?
True
Is 5299 a prime number?
False
Is 4907 a composite number?
True
Is 339271 composite?
True
Is 86951 composite?
False
Is 762319 composite?
False
Is 134891 a prime number?
False
Is 1921 a composite number?
True
Is 211 a prime number?
True
Is 224167 a prime number?
False
Is 267169 a prime number?
False
Is 2705 a composite number?
True
Is 5363 prime?
False
Is 516871 composite?
False
Is 295111 a prime number?
True
Is 95507 composite?
False
Is 3205 a prime number?
False
Is 4999 prime?
True
Is 2342 prime?
False
Is 2149 prime?
False
Is 348911 a composite number?
False
Is 1510273 composite?
False
Is 1695157 a composite number?
False
Is 17363 a prime number?
False
Is 20765 composite?
True
Is 1326931 a composite number?
True
Is 223 a prime number?
True
Is 7092451 composite?
True
Is 317747 prime?
False
Is 21467 a prime number?
True
Is 2164123 a composite number?
True
Is 31121 prime?
True
Is 98203 composite?
True
Is 77839 prime?
True
Is 289279 composite?
True
Is 328577 a composite number?
True
Is 32167 a prime number?
False
Is 10533 composite?
True
Is 159617 a prime number?
True
Is 60641 a prime number?
False
Is 907019 a prime number?
True
Is 96259 composite?
False
Is 225989 a prime number?
True
Is 51917 prime?
False
Is 21247 composite?
False
Is 35671 prime?
True
Is 18169 composite?
False
Is 77 a prime number?
False
Is 3622 composite?
True
Is 48473 composite?
False
Is 67169 a composite number?
False
Is 154219 a prime number?
False
Is 9851 prime?
True
Is 43853 a composite number?
False
Is 27553 composite?
True
Is 3192389 composite?
False
Is 17603 a prime number?
False
Is 1644533 a composite number?
True
Is 61057 prime?
True
Is 149689 prime?
True
Is 5963 prime?
False
Is 254053 composite?
False
Is 47631 a prime number?
False
Is 4253 prime?
True
Is 1511 composite?
False
Is 11863 a prime number?
True
Is 54921 a prime number?
False
Is 106531 a prime number?
True
Is 335821 a prime number?
True
Is 14503 a composite number?
False
Is 36997 prime?
True
Is 384403 a prime number?
True
Is 9128021 a prime number?
False
Is 3602 prime?
False
Is 6005 prime?
False
Is 39583 prime?
False
Is 687199 prime?
False
Is 73765 prime?
False
Is 1485047 composite?
False
Is 254441 composite?
True
Is 46559 prime?
True
Is 381963 composite?
True
Is 60559 prime?
False
Is 9313 a composite number?
True
Is 619241 composite?
True
Is 307843 composite?
False
Is 363067 composite?
False
Is 64849 a prime number?
True
Is 3201847 composite?
True
Is 37159 a composite number?
False
Is 988231 a composite number?
False
Is 18539 a prime number?
True
Is 57115 a composite number?
True
Is 186097 composite?
False
Is 297907 composite?
False
Is 16057 prime?
True
Is 21427 composite?
True
Is 2935 a prime number?
False
Is 162859 prime?
True
Is 274637 prime?
False
Is 152281 a composite number?
True
Is 8263 a composite number?
False
Is 94391 composite?
True
Is 1487861 a prime number?
False
Is 1026791 composite?
False
Is 52991 prime?
False
Is 177677 a prime number?
True
Is 78919 composite?
False
Is 14015 a prime number?
False
Is 2333 a prime number?
True
Is 11002 composite?
True
Is 61431 composite?
True
Is 2362279 composite?
False
Is 2153 prime?
True
Is 53107 composite?
True
Is 70